(i) = 2*i + 1 - l. List the prime factors of g(1).
2
Suppose -h - h = -4*s - 72, -2*h + 2*s + 76 = 0. What are the prime factors of h?
2, 5
Let v be (6/(-4) + 1)*-52. Suppose 4*p - 150 + v = 0. Suppose -4*s + p = -2*s - 3*q, -2*s = 5*q + 9. List the prime factors of s.
2
Let l(x) = 2*x - 7. Let r be l(5). Let a be ((-3)/(-2))/(r/8). Suppose a = 4*z - 4. What are the prime factors of z?
2
Let c(d) = 6*d + 1. Let u be (-1)/(-2) - 18/4. Let n be c(u). Let f = -10 - n. List the prime factors of f.
13
Let k = 22 + -7. List the prime factors of k.
3, 5
Suppose 2*x + 80 = 6*x. What are the prime factors of 5/(x/112) + 0?
2, 7
Let b(y) = 5*y + 4. What are the prime factors of b(7)?
3, 13
Let k(d) = -d + 5. Let f be k(7). List the prime factors of 1*(-51)/(-3) - f.
19
What are the prime factors of 23/((-4)/(-4)) - 4?
19
Let b(l) = l**2 + 6*l - 13. Suppose 4*p + 20 = -4*k, -p + 5*k - 23 = 6. List the prime factors of b(p).
2, 7
Let c = 3 - -3. Let i = 23 - c. List the prime factors of i.
17
Let h = 53 - 27. Suppose 2*n - 6 = h. List the prime factors of n.
2
Suppose 528 = 34*y - 28*y. What are the prime factors of y?
2, 11
Let a(t) = -2*t - 3. Let j be a(5). Let w = j - -7. Let h(q) = -q - 1. What are the prime factors of h(w)?
5
Let a(r) = r + 1. Let y be a(-4). Let q be (y/(-9)*0)/(-2). Suppose 0*v + 4*o = -v + 22, q = -3*o. List the prime factors of v.
2, 11
Let p(l) be the third derivative of -l**4/4 - l**3/2 + 3*l**2. What are the prime factors of p(-2)?
3
Suppose -4*x + 0*x + 3*h + 535 = 0, 4*h = 5*x - 670. Let p be x/(-4)*(3 + -1). List the prime factors of (-6)/27 + p/(-9).
7
Let g = 24 - 9. What are the prime factors of g?
3, 5
Let g(v) = 7 + 3 + v**3 + 7*v**2 + 7*v - 2. Let z be g(-6). Suppose -2*s - z = -22. List the prime factors of s.
2, 5
Suppose -198 = -4*z + z. Suppose g = 4*g - z. Suppose 2*l = -0*l + g. List the prime factors of l.
11
Let a = -9 + 9. Suppose 3*s = 0, -3*u - 2*s + s + 99 = a. List the prime factors of u.
3, 11
Let i(t) = -6*t - 1. Let n(g) = -2*g + 2. Let r be n(2). Let v be i(r). List the prime factors of v/2*(1 + 1).
11
Let u = 95 - 67. What are the prime factors of u?
2, 7
Suppose -3*x + 8 = -4. Let b = 31 - 33. Let m = x + b. What are the prime factors of m?
2
Let r be 28/12 + (-2)/(-3). Suppose r*j - 3*x + 2*x - 17 = 0, 5*j = x + 27. Let i(f) = f**2 - 3*f - 5. List the prime factors of i(j).
5
Suppose -4*v - v = 4*u - 389, 25 = 5*v. What are the prime factors of u?
7, 13
Let f(c) = -5*c + 3. List the prime factors of f(-8).
43
Suppose -2*i + 2 = -i. Suppose i = 2*p - 10. Let h = -3 + p. List the prime factors of h.
3
Let u be 2*1/(-2) - -3. Let w(o) = -o**3 + 4*o**2 - o - 1. What are the prime factors of w(u)?
5
Suppose 2 + 13 = -3*l. Let p = 7 + l. Suppose 4*n - 20 = -4*i, -p*i - 3*i + 10 = 0. List the prime factors of n.
3
Let y(q) = -q**3 - 4*q**2 + 2*q - 4. Let c = 3 + -8. List the prime factors of y(c).
11
Let m = 26 - -15. What are the prime factors of m?
41
Suppose y - 5*y + 2*s + 2 = 0, -16 = 4*y + 4*s. Let i(p) = 2*p**2 + 2*p + 1. Let x be i(y). What are the prime factors of 2/(x - -1) - -6?
7
Let d(v) be the third derivative of v**4/12 - 7*v**3/6 + v**2. Let x(k) = -k**3 - 8*k**2 - k - 2. Let a be x(-8). What are the prime factors of d(a)?
5
Let a(o) = -o**2 - o - 1. Let v(t) = t**2 + 2. Let y(j) = j**3 - 3*j**2 - 3*j + 1. Let l be y(4). Let u(f) = l*v(f) + 6*a(f). List the prime factors of u(-6).
2
Let p be (-2)/6 - (-5)/(-3). What are the prime factors of (14/2)/(p/(-4))?
2, 7
Let y(l) = -3*l + 14 + l + 6*l**2 - 11 - l**3. What are the prime factors of y(4)?
3
Suppose -3*v + 4 = 1. Suppose 0 + v = -k. What are the prime factors of (1 - -4)/(k - -2)?
5
Let t(a) be the second derivative of -2*a - 3/2*a**2 + 0 + 7/6*a**3 - 1/12*a**4. What are the prime factors of t(5)?
7
Suppose -4*u + 87 = -21. Let r = 8 + -3. Suppose -2*j - u = -r*j. List the prime factors of j.
3
Let v = 96 + -158. Let f = 96 + v. What are the prime factors of f?
2, 17
Let z = -4 + 36. List the prime factors of z.
2
Suppose 2*m + 21 = m. Let y(v) = v**3 - v**2 - v - 30. Let l be y(0). Let g = m - l. What are the prime factors of g?
3
Let l = 21 - 1. Let b = -12 + l. List the prime factors of b.
2
Let g(j) = 24*j - 10*j + 2 + 0. Let c be g(2). Suppose 5*q = -l + c, -5*l + 45 = -l + 5*q. List the prime factors of l.
5
Let d = 9 + -6. Suppose -4*b - 2*s + 106 = 0, -d*b + 2*s + 102 = -s. What are the prime factors of b?
29
What are the prime factors of 32 - 1/(-1)*3?
5, 7
Suppose 0 = -10*t + 1264 + 406. What are the prime factors of t?
167
Let j = 1 - 4. Let r be j*1*(-4 + 3). Let x = r - -2. List the prime factors of x.
5
Let c(v) = 5*v**2 - 4*v - 4. List the prime factors of c(-3).
53
Suppose 2*t - 286 = -98. Suppose t = -0*z + 2*z. What are the prime factors of z?
47
Let h = 8 - 17. Let u be 18*6/h*3. List the prime factors of (-8)/u - 97/(-9).
11
Let a(j) = -j**3 + j**2 + 31. Suppose b - 2*k - 2 = -3*b, -b - k - 1 = 0. What are the prime factors of a(b)?
31
Suppose -456 = -s - 3*s. List the prime factors of s.
2, 3, 19
Suppose 0 = 2*v - 7*v + 20. Suppose -20 = -v*k + 24. List the prime factors of k.
11
List the prime factors of (-1 + 0)/(-3 - (-250)/85).
17
Suppose -2*s = -4*s + 6. Suppose 0*v = -4*o - 5*v + 53, s*v = -3*o + 39. What are the prime factors of o?
2, 3
Suppose -1 + 6 = -5*c. Let w(u) = -9*u - 1. What are the prime factors of w(c)?
2
Let g = 34 - 2. What are the prime factors of g?
2
Suppose 2*n - 5 = 9. Suppose -h + z + z + 13 = 0, 0 = -4*h - z + n. What are the prime factors of h?
3
Suppose -8 = -4*f + 2*s, -6 = -5*f + 2*s + 6. Suppose -4*b + 0*b + 56 = -t, f*b = -t + 56. What are the prime factors of b?
2, 7
Suppose 2*x = x - 15. Let u = 21 + x. List the prime factors of u.
2, 3
Let a be 0/(-3)*-1 + 91. Suppose 4*o - 5 = a. What are the prime factors of o?
2, 3
Let n = 1 + -10. Let d(r) = r**3 + 8*r**2 - 12*r - 8. List the prime factors of d(n).
19
Let x be (-4 + 9)*2/2. Let c(u) = u + 9 + x - 4. What are the prime factors of c(0)?
2, 5
Let l be 33/(3/12*-6). Let i = l + 36. What are the prime factors of i?
2, 7
List the prime factors of ((14 - 3) + 0)/1.
11
Let x(i) = -7*i + 18. List the prime factors of x(-16).
2, 5, 13
What are the prime factors of (-4)/(-14) - 40/(-7)?
2, 3
Let x be 10/(-6)*(-9)/3. Suppose -d + 0*z + 3*z - 10 = 0, 5*z + 30 = -x*d. Let v(y) = y + 17. List the prime factors of v(d).
2, 5
Suppose -4*s + 13 = 3*h, -3*s - 2*h + 5*h = -15. List the prime factors of s.
2
Suppose l = 2*l - 29. List the prime factors of l.
29
Let f be ((-8)/10)/((-2)/5). Let n be 2*8 + (f - 2). Suppose 18 = s - 4*d, 0 = -2*s + 5*d - 7*d + n. List the prime factors of s.
2, 5
Suppose l - 16 = -f + 5*f, f = 4*l - 4. Suppose 5*k = 4*p + 17, l*k = 3*p - k + 10. What are the prime factors of (9 + (-6)/p)*1?
11
What are the prime factors of (-26)/(-6) + (-4)/(-6)?
5
Let o(n) = -n**3 + 7*n**2 - n - 3. Let z be o(8). What are the prime factors of (-160)/z - 2/15?
2
Let q be (2 + 2)*6/8. Suppose 0 = -3*w, 4*x - 4*w + q*w = 84. What are the prime factors of x?
3, 7
What are the prime factors of ((-32)/24)/((-2)/78)?
2, 13
Suppose 4*u - 2*u + 146 = 3*w, -2*w = 4*u - 92. What are the prime factors of w?
2, 3
Suppose 0 = -2*l + 4*n + 166, 3*l - n = 2*l + 87. What are the prime factors of l?
7, 13
Let n = -94 + 215. List the prime factors of n.
11
Suppose -5*j + 8*j - 309 = 0. List the prime factors of j.
103
Suppose 21 = 3*j - 21. What are the prime factors of j?
2, 7
List the prime factors of 3*(-2)/4 + (-377)/(-58).
5
Let l(a) = 2*a**2 - 4*a + a - 2 + 3. Let g be l(2). Let q(s) = s**3 - s**2 - 2*s - 3. What are the prime factors of q(g)?
3
List the prime factors of (12/14)/((-5)/(-595)).
2, 3, 17
Let b = 12 + -6. Let h(u) = 2*u**2 - 8*u - 3. List the prime factors of h(b).
3, 7
Let d(w) = 9*w**2 - w - 26. List the prime factors of d(5).
2, 97
Suppose s - 4*s + 9 = 0. Suppose 2*v = -s*v + 25. What are the prime factors of v?
5
Let g = 9 - 4. Suppose -g*v = -2*v - 24. What are the prime factors of v?
2
Let z(a) = -155*a - 1. What are the prime factors of z(-1)?
2, 7, 11
List the prime factors of ((-240)/18)/(2/(-6)).
2, 5
Suppose 6*u - 36 = 2*u. Let r = u + -6. List the prime factors of r.
3
Let a(b) = b - 1. Let h(q) = 4*q - 6. Let 